{"id":42,"date":"2017-05-17T09:33:12","date_gmt":"2017-05-17T07:33:12","guid":{"rendered":"http:\/\/ordnerbiene.de\/wpob\/?page_id=42"},"modified":"2017-11-17T20:24:11","modified_gmt":"2017-11-17T19:24:11","slug":"sie-suchen","status":"publish","type":"page","link":"https:\/\/ordnerbiene.de\/wpob\/sie-suchen\/","title":{"rendered":"Sie suchen"},"content":{"rendered":"<ul>\n<li>Sie k\u00f6nnen in der t\u00e4glichen Flut von Post oder E-Mails nicht mehr unterscheiden, was wirklich f\u00fcr Sie wichtig ist?<\/li>\n<li>Sie suchen &#8222;verschollene&#8220; Dokumente&#8220; in Ihren Unterlagen?<\/li>\n<li>Sie haben keinen \u00dcberblick dar\u00fcber, bei welcher Gesellschaft Sie gegen welches Risiko versichert sind?<\/li>\n<li>Sie wissen nicht, welche Zeitungen Sie abonnieren und wo Sie \u00fcberall Mitglied sind?<\/li>\n<li>Sie haben Unterlagen von Angeh\u00f6rigen \u00fcbernommen, die ins Pflegeheim umgezogen oder verstorben sind und suchen jemanden, der in Bezug auf diese Person v\u00f6llig neutral die Unterlagen ordnet?<\/li>\n<li>Sie haben den \u00dcberblick \u00fcber Ihre Einnahmen und Ausgaben verloren?<\/li>\n<\/ul>\n<h2>Ich bringe Ordnung in Ihre Unterlagen!<\/h2>\n","protected":false},"excerpt":{"rendered":"<p>Sie k\u00f6nnen in der t\u00e4glichen Flut von Post oder E-Mails nicht mehr unterscheiden, was wirklich f\u00fcr Sie wichtig ist? Sie suchen &#8222;verschollene&#8220; Dokumente&#8220; in Ihren Unterlagen? Sie haben keinen \u00dcberblick dar\u00fcber, bei welcher Gesellschaft Sie gegen welches Risiko versichert sind? Sie wissen nicht, welche Zeitungen Sie abonnieren und wo Sie \u00fcberall Mitglied sind? Sie haben &hellip; <\/p>\n<p class=\"link-more\"><a href=\"https:\/\/ordnerbiene.de\/wpob\/sie-suchen\/\" class=\"more-link\"><span class=\"screen-reader-text\">\u201eSie suchen\u201c<\/span> weiterlesen<\/a><\/p>\n","protected":false},"author":1,"featured_media":0,"parent":0,"menu_order":0,"comment_status":"closed","ping_status":"closed","template":"","meta":{"footnotes":""},"class_list":["post-42","page","type-page","status-publish","hentry"],"aioseo_notices":[],"_links":{"self":[{"href":"https:\/\/ordnerbiene.de\/wpob\/wp-json\/wp\/v2\/pages\/42","targetHints":{"allow":["GET"]}}],"collection":[{"href":"https:\/\/ordnerbiene.de\/wpob\/wp-json\/wp\/v2\/pages"}],"about":[{"href":"https:\/\/ordnerbiene.de\/wpob\/wp-json\/wp\/v2\/types\/page"}],"author":[{"embeddable":true,"href":"https:\/\/ordnerbiene.de\/wpob\/wp-json\/wp\/v2\/users\/1"}],"replies":[{"embeddable":true,"href":"https:\/\/ordnerbiene.de\/wpob\/wp-json\/wp\/v2\/comments?post=42"}],"version-history":[{"count":9,"href":"https:\/\/ordnerbiene.de\/wpob\/wp-json\/wp\/v2\/pages\/42\/revisions"}],"predecessor-version":[{"id":123,"href":"https:\/\/ordnerbiene.de\/wpob\/wp-json\/wp\/v2\/pages\/42\/revisions\/123"}],"wp:attachment":[{"href":"https:\/\/ordnerbiene.de\/wpob\/wp-json\/wp\/v2\/media?parent=42"}],"curies":[{"name":"wp","href":"https:\/\/api.w.org\/{rel}","templated":true}]}}